{"id":103,"date":"2024-12-11T20:59:22","date_gmt":"2024-12-11T19:59:22","guid":{"rendered":"https:\/\/olney-avocats.fr\/?page_id=103"},"modified":"2025-06-04T13:41:07","modified_gmt":"2025-06-04T11:41:07","slug":"competences","status":"publish","type":"page","link":"https:\/\/olney-avocats.fr\/index.php\/competences\/","title":{"rendered":"Comp\u00e9tences"},"content":{"rendered":"\n<div class=\"wp-block-group has-global-padding is-layout-constrained wp-container-core-group-is-layout-51afdac9 wp-block-group-is-layout-constrained\" style=\"padding-top:var(--wp--preset--spacing--30);padding-right:var(--wp--preset--spacing--10);padding-bottom:var(--wp--preset--spacing--30);padding-left:var(--wp--preset--spacing--10)\">\n<h4 class=\"wp-block-heading has-text-align-center\" style=\"padding-bottom:var(--wp--preset--spacing--20)\">Avocats \u00e0 la Cour d&rsquo;appel de Paris &#8211; Barreau de la Seine Saint Denis.<\/h4>\n\n\n\n<p>La vocation de notre cabinet est d\u2019\u00eatre g\u00e9n\u00e9raliste.<\/p>\n\n\n\n<p>Chacun des associ\u00e9s et des collaborateurs a en effet une expertise dans un domaine sp\u00e9cifique.<\/p>\n\n\n\n<p>Notre objectif est de permettre \u00e0 nos clients, qu\u2019ils soient des particuliers, des PME ou des PMI, des administrations ou des collectivit\u00e9s, des banques ou des compagnies d\u2019assurances, de pouvoir trouver au sein de notre cabinet la comp\u00e9tence ad\u00e9quate.<\/p>\n\n\n\n<h4 class=\"wp-block-heading has-text-align-center\" style=\"padding-top:var(--wp--preset--spacing--10);padding-bottom:var(--wp--preset--spacing--10)\">Secteurs g\u00e9ographiques d&rsquo;intervention<\/h4>\n\n\n\n<p>Nous intervenons quotidiennement devant toutes les juridictions et plus particuli\u00e8rement devant :<\/p>\n\n\n\n<ul class=\"wp-block-list\">\n<li>Tous les Tribunaux Judiciaires de France &#8211; Repr\u00e9sentation directe, sans postulation devant les Tribunaux judiciaires de : Bobigny \u2013 Paris \u2013 Cr\u00e9teil \u2013 Nanterre \u2013 Meaux-Melun-Evry-Fontainebleau-Auxerre-Sens<\/li>\n\n\n\n<li>Toutes les Cours d\u2019Appel &#8211; Repr\u00e9sentation directe, sans postulation devant la Cour d\u2019appel de PARIS<\/li>\n\n\n\n<li>Tous les Conseils de Prud\u2019hommes, P\u00f4le social, Tribunaux de commerce\/Tribunaux des activit\u00e9s \u00e9conomiques et Tribunaux de proximit\u00e9 ou Juge des contentieux de la protection de France<\/li>\n<\/ul>\n<\/div>\n\n\n\n<div class=\"wp-block-group has-background has-global-padding is-layout-constrained wp-container-core-group-is-layout-51afdac9 wp-block-group-is-layout-constrained\" style=\"background-color:#efefef;padding-top:var(--wp--preset--spacing--30);padding-right:var(--wp--preset--spacing--10);padding-bottom:var(--wp--preset--spacing--30);padding-left:var(--wp--preset--spacing--10)\">\n<h3 class=\"wp-block-heading has-text-align-center\">Domaines d&rsquo;intervention<\/h3>\n\n\n\n<div class=\"wp-block-uagb-separator uagb-block-b7da7deb\"><div class=\"wp-block-uagb-separator__inner\" style=\"--my-background-image:\"><\/div><\/div>\n\n\n\n<div class=\"wp-block-columns is-layout-flex wp-container-core-columns-is-layout-ef350914 wp-block-columns-is-layout-flex\" style=\"padding-top:var(--wp--preset--spacing--30);padding-bottom:var(--wp--preset--spacing--30)\">\n<div class=\"wp-block-column is-layout-flow wp-block-column-is-layout-flow\" style=\"padding-top:0;padding-bottom:0\">\n<h4 class=\"wp-block-heading has-text-align-center\" style=\"padding-bottom:0;text-transform:uppercase\"><a href=\"https:\/\/olney-avocats.fr\/index.php\/particuliers\/\" data-type=\"page\" data-id=\"505\">Pour les particuliers<\/a><\/h4>\n\n\n\n<figure class=\"wp-block-image size-full\" style=\"margin-top:var(--wp--preset--spacing--10);margin-right:var(--wp--preset--spacing--10);margin-bottom:var(--wp--preset--spacing--10);margin-left:var(--wp--preset--spacing--10)\"><a href=\"https:\/\/olney-avocats.fr\/index.php\/particuliers\/\"><img loading=\"lazy\" decoding=\"async\" width=\"527\" height=\"352\" src=\"https:\/\/olney-avocats.fr\/wp-content\/uploads\/2024\/12\/img-intervention-particuliers.png\" alt=\"\" class=\"wp-image-115\" srcset=\"https:\/\/olney-avocats.fr\/wp-content\/uploads\/2024\/12\/img-intervention-particuliers.png 527w, https:\/\/olney-avocats.fr\/wp-content\/uploads\/2024\/12\/img-intervention-particuliers-300x200.png 300w\" sizes=\"auto, (max-width: 527px) 100vw, 527px\" \/><\/a><\/figure>\n\n\n\n<ul class=\"wp-block-list\">\n<li>Droit de la famille<\/li>\n\n\n\n<li>Divorce<\/li>\n\n\n\n<li>Succession<\/li>\n\n\n\n<li>Droit du travail<\/li>\n\n\n\n<li>Droit de la s\u00e9curit\u00e9 sociale et contentieux de l\u2019incapacit\u00e9<\/li>\n\n\n\n<li>Contentieux locatif<\/li>\n\n\n\n<li>Droit de la consommation (banque, cr\u00e9dits)<\/li>\n\n\n\n<li>Droit de la construction<\/li>\n\n\n\n<li>Copropri\u00e9t\u00e9<\/li>\n\n\n\n<li>Expropriation &#8211; Pr\u00e9emption<\/li>\n\n\n\n<li>Mitoyennet\u00e9 &#8211; Voisinage<\/li>\n\n\n\n<li>Droit p\u00e9nal<\/li>\n\n\n\n<li>Circulation routi\u00e8re<\/li>\n\n\n\n<li>Responsabilit\u00e9 m\u00e9dicale<\/li>\n\n\n\n<li>Liquidation du pr\u00e9judice corporel<\/li>\n\n\n\n<li>Droits des victimes<\/li>\n\n\n\n<li>Droit des assurances<\/li>\n\n\n\n<li>Saisie immobili\u00e8re et vente aux ench\u00e8res<\/li>\n<\/ul>\n<\/div>\n\n\n\n<div class=\"wp-block-column is-layout-flow wp-block-column-is-layout-flow\">\n<h4 class=\"wp-block-heading has-text-align-center\" style=\"padding-bottom:0;text-transform:uppercase\"><a href=\"https:\/\/olney-avocats.fr\/index.php\/entreprises\/\" data-type=\"page\" data-id=\"508\">Pour les entreprises<\/a><\/h4>\n\n\n\n<figure class=\"wp-block-image size-full\" style=\"margin-top:var(--wp--preset--spacing--10);margin-right:var(--wp--preset--spacing--10);margin-bottom:var(--wp--preset--spacing--10);margin-left:var(--wp--preset--spacing--10)\"><a href=\"https:\/\/olney-avocats.fr\/index.php\/entreprises\/\"><img loading=\"lazy\" decoding=\"async\" width=\"528\" height=\"352\" src=\"https:\/\/olney-avocats.fr\/wp-content\/uploads\/2024\/12\/img-intervention-entreprises.png\" alt=\"\" class=\"wp-image-114\" srcset=\"https:\/\/olney-avocats.fr\/wp-content\/uploads\/2024\/12\/img-intervention-entreprises.png 528w, https:\/\/olney-avocats.fr\/wp-content\/uploads\/2024\/12\/img-intervention-entreprises-300x200.png 300w\" sizes=\"auto, (max-width: 528px) 100vw, 528px\" \/><\/a><\/figure>\n\n\n\n<ul class=\"wp-block-list\">\n<li>Recouvrement de cr\u00e9ance<\/li>\n\n\n\n<li>Voies d\u2019ex\u00e9cution dont saisie immobili\u00e8re<\/li>\n\n\n\n<li>Droit de la banque et du cr\u00e9dit<\/li>\n\n\n\n<li>Baux commerciaux<\/li>\n\n\n\n<li>Conflits individuels et collectifs du travail<\/li>\n\n\n\n<li>Responsabilit\u00e9 civile et p\u00e9nale du chef d\u2019entreprise<\/li>\n\n\n\n<li>Droit commercial<\/li>\n<\/ul>\n<\/div>\n<\/div>\n<\/div>\n","protected":false},"excerpt":{"rendered":"<p>Avocats \u00e0 la Cour d&rsquo;appel de Paris &#8211; Barreau de la Seine Saint Denis. La vocation de notre cabinet est d\u2019\u00eatre g\u00e9n\u00e9raliste. Chacun des associ\u00e9s et des collaborateurs a en effet une expertise dans un domaine sp\u00e9cifique. Notre objectif est de permettre \u00e0 nos clients, qu\u2019ils soient des particuliers, des PME ou des PMI, des [&hellip;]<\/p>\n","protected":false},"author":1,"featured_media":628,"parent":0,"menu_order":0,"comment_status":"closed","ping_status":"closed","template":"","meta":{"_uag_custom_page_level_css":"","footnotes":""},"class_list":["post-103","page","type-page","status-publish","has-post-thumbnail","hentry"],"uagb_featured_image_src":{"full":["https:\/\/olney-avocats.fr\/wp-content\/uploads\/2025\/06\/Competences-Olney-Avocats-scaled.jpg",2560,364,false],"thumbnail":["https:\/\/olney-avocats.fr\/wp-content\/uploads\/2025\/06\/Competences-Olney-Avocats-150x150.jpg",150,150,true],"medium":["https:\/\/olney-avocats.fr\/wp-content\/uploads\/2025\/06\/Competences-Olney-Avocats-300x43.jpg",300,43,true],"medium_large":["https:\/\/olney-avocats.fr\/wp-content\/uploads\/2025\/06\/Competences-Olney-Avocats-768x109.jpg",768,109,true],"large":["https:\/\/olney-avocats.fr\/wp-content\/uploads\/2025\/06\/Competences-Olney-Avocats-1024x146.jpg",1024,146,true],"1536x1536":["https:\/\/olney-avocats.fr\/wp-content\/uploads\/2025\/06\/Competences-Olney-Avocats-1536x219.jpg",1536,219,true],"2048x2048":["https:\/\/olney-avocats.fr\/wp-content\/uploads\/2025\/06\/Competences-Olney-Avocats-2048x291.jpg",2048,291,true]},"uagb_author_info":{"display_name":"admin9236","author_link":"https:\/\/olney-avocats.fr\/index.php\/author\/admin9236\/"},"uagb_comment_info":0,"uagb_excerpt":"Avocats \u00e0 la Cour d&rsquo;appel de Paris &#8211; Barreau de la Seine Saint Denis. La vocation de notre cabinet est d\u2019\u00eatre g\u00e9n\u00e9raliste. Chacun des associ\u00e9s et des collaborateurs a en effet une expertise dans un domaine sp\u00e9cifique. Notre objectif est de permettre \u00e0 nos clients, qu\u2019ils soient des particuliers, des PME ou des PMI, des\u2026","_links":{"self":[{"href":"https:\/\/olney-avocats.fr\/index.php\/wp-json\/wp\/v2\/pages\/103","targetHints":{"allow":["GET"]}}],"collection":[{"href":"https:\/\/olney-avocats.fr\/index.php\/wp-json\/wp\/v2\/pages"}],"about":[{"href":"https:\/\/olney-avocats.fr\/index.php\/wp-json\/wp\/v2\/types\/page"}],"author":[{"embeddable":true,"href":"https:\/\/olney-avocats.fr\/index.php\/wp-json\/wp\/v2\/users\/1"}],"replies":[{"embeddable":true,"href":"https:\/\/olney-avocats.fr\/index.php\/wp-json\/wp\/v2\/comments?post=103"}],"version-history":[{"count":10,"href":"https:\/\/olney-avocats.fr\/index.php\/wp-json\/wp\/v2\/pages\/103\/revisions"}],"predecessor-version":[{"id":659,"href":"https:\/\/olney-avocats.fr\/index.php\/wp-json\/wp\/v2\/pages\/103\/revisions\/659"}],"wp:featuredmedia":[{"embeddable":true,"href":"https:\/\/olney-avocats.fr\/index.php\/wp-json\/wp\/v2\/media\/628"}],"wp:attachment":[{"href":"https:\/\/olney-avocats.fr\/index.php\/wp-json\/wp\/v2\/media?parent=103"}],"curies":[{"name":"wp","href":"https:\/\/api.w.org\/{rel}","templated":true}]}}