{"id":512,"date":"2025-01-01T21:43:17","date_gmt":"2025-01-01T20:43:17","guid":{"rendered":"https:\/\/olney-avocats.fr\/?page_id=512"},"modified":"2025-06-04T13:43:57","modified_gmt":"2025-06-04T11:43:57","slug":"ventes-aux-encheres","status":"publish","type":"page","link":"https:\/\/olney-avocats.fr\/index.php\/ventes-aux-encheres\/","title":{"rendered":"Ventes aux ench\u00e8res"},"content":{"rendered":"\n<div class=\"wp-block-group has-global-padding is-layout-constrained wp-container-core-group-is-layout-841f3bc8 wp-block-group-is-layout-constrained\" style=\"margin-top:0;margin-bottom:0;padding-top:var(--wp--preset--spacing--30);padding-right:var(--wp--preset--spacing--10);padding-bottom:var(--wp--preset--spacing--30);padding-left:var(--wp--preset--spacing--10)\">\n<p><strong>Notre cabinet d\u2019avocat vous assiste dans le cadre des ventes aux ench\u00e8res de biens immobiliers \u00e0 la barre du Tribunal.<\/strong><\/p>\n\n\n\n<p><strong>Conseil juridique pr\u00e9alable :<\/strong> avant la vente aux ench\u00e8res, l\u2019avocat re\u00e7oit la personne qui souhaite porter les ench\u00e8res (l\u2019amateur) pour lui expliquer en quoi consiste un achat par adjudication, ce que cela implique sur le plan juridique et tous les points importants \u00e0 ne pas n\u00e9gliger en achetant \u00e0 la barre.<\/p>\n\n\n\n<p><strong>R\u00e9daction des documents :<\/strong> l\u2019avocat pr\u00e9pare les actes qui seront pr\u00e9sent\u00e9s au Juge si le client remporte l\u2019ench\u00e8re (pouvoir pour ench\u00e9rir et attestation de non condamnation).<\/p>\n\n\n\n<p><strong>Lors de l\u2019audience d\u2019adjudication :<\/strong> l\u2019avocat repr\u00e9sente le client \u00e0 l\u2019audience, il porte les ench\u00e8res dans la limite convenue, de pr\u00e9f\u00e9rence, en sa pr\u00e9sence pour une meilleure interaction.<\/p>\n\n\n\n<p><strong>Ench\u00e8re remport\u00e9e :<\/strong> Si le client est d\u00e9clar\u00e9 adjudicataire, c\u2019est-\u00e0-dire qu\u2019il a remport\u00e9 la derni\u00e8re ench\u00e8re, l\u2019avocat, apr\u00e8s avoir surveill\u00e9 l\u2019expiration du d\u00e9lai de surench\u00e8re, va se charger de toutes les formalit\u00e9s pour rendre opposable l\u2019acquisition immobili\u00e8re (notamment paiement des droits d\u2019enregistrement \u2013 notifications -publication du titre de vente au service de la publicit\u00e9 fonci\u00e8re\u2026).<\/p>\n\n\n\n<p>Le cabinet Olney Avocats fournit un accompagnement complet que l\u2019ench\u00e8re soit remport\u00e9e ou non.<\/p>\n<\/div>\n\n\n\n<div class=\"wp-block-group has-global-padding is-layout-constrained wp-container-core-group-is-layout-672a9b8f wp-block-group-is-layout-constrained\" style=\"padding-top:var(--wp--preset--spacing--30);padding-right:var(--wp--preset--spacing--10);padding-bottom:var(--wp--preset--spacing--30);padding-left:var(--wp--preset--spacing--10)\">\n<div class=\"wp-block-uagb-image uagb-block-8e01379d wp-block-uagb-image--layout-default wp-block-uagb-image--effect-zoomin wp-block-uagb-image--align-none\"><figure class=\"wp-block-uagb-image__figure\"><a class=\"\" href=\"https:\/\/avoventes.fr\/cabinet\/wuilque-bosque-taouil-baraniack-dewinne-aulnay-sous-bois\" target=\"\" rel=\"noopener\"><img decoding=\"async\" srcset=\"https:\/\/olney-avocats.fr\/wp-content\/uploads\/2025\/01\/Consulter_les_ventes.png ,https:\/\/olney-avocats.fr\/wp-content\/uploads\/2025\/01\/Consulter_les_ventes.png 780w, https:\/\/olney-avocats.fr\/wp-content\/uploads\/2025\/01\/Consulter_les_ventes.png 360w\" sizes=\"auto, (max-width: 480px) 150px\" src=\"https:\/\/olney-avocats.fr\/wp-content\/uploads\/2025\/01\/Consulter_les_ventes.png\" alt=\"\" class=\"uag-image-514\" width=\"155\" height=\"155\" title=\"Consulter_les_ventes\" loading=\"lazy\" role=\"img\"\/><\/a><\/figure><\/div>\n\n\n\n<div class=\"wp-block-group is-layout-grid wp-container-core-group-is-layout-d71e9498 wp-block-group-is-layout-grid\" style=\"margin-top:0;margin-bottom:0;padding-top:var(--wp--preset--spacing--10);padding-right:var(--wp--preset--spacing--10);padding-bottom:var(--wp--preset--spacing--10);padding-left:var(--wp--preset--spacing--10)\">\n<div class=\"wp-block-group has-global-padding is-layout-constrained wp-block-group-is-layout-constrained\">\n<h5 class=\"wp-block-heading has-text-align-center\"><a href=\"https:\/\/avoventes.fr\/cabinet\/wuilque-bosque-taouil-baraniack-dewinne-aulnay-sous-bois\">Consulter les ventes<\/a><\/h5>\n<\/div>\n<\/div>\n<\/div>\n","protected":false},"excerpt":{"rendered":"<p>Notre cabinet d\u2019avocat vous assiste dans le cadre des ventes aux ench\u00e8res de biens immobiliers \u00e0 la barre du Tribunal. Conseil juridique pr\u00e9alable : avant la vente aux ench\u00e8res, l\u2019avocat re\u00e7oit la personne qui souhaite porter les ench\u00e8res (l\u2019amateur) pour lui expliquer en quoi consiste un achat par adjudication, ce que cela implique sur le [&hellip;]<\/p>\n","protected":false},"author":1,"featured_media":513,"parent":0,"menu_order":0,"comment_status":"closed","ping_status":"closed","template":"","meta":{"_uag_custom_page_level_css":"","footnotes":""},"class_list":["post-512","page","type-page","status-publish","has-post-thumbnail","hentry"],"uagb_featured_image_src":{"full":["https:\/\/olney-avocats.fr\/wp-content\/uploads\/2025\/01\/Ventes_aux_encheres.png",1923,461,false],"thumbnail":["https:\/\/olney-avocats.fr\/wp-content\/uploads\/2025\/01\/Ventes_aux_encheres-150x150.png",150,150,true],"medium":["https:\/\/olney-avocats.fr\/wp-content\/uploads\/2025\/01\/Ventes_aux_encheres-300x72.png",300,72,true],"medium_large":["https:\/\/olney-avocats.fr\/wp-content\/uploads\/2025\/01\/Ventes_aux_encheres-768x184.png",768,184,true],"large":["https:\/\/olney-avocats.fr\/wp-content\/uploads\/2025\/01\/Ventes_aux_encheres-1024x245.png",1024,245,true],"1536x1536":["https:\/\/olney-avocats.fr\/wp-content\/uploads\/2025\/01\/Ventes_aux_encheres-1536x368.png",1536,368,true],"2048x2048":["https:\/\/olney-avocats.fr\/wp-content\/uploads\/2025\/01\/Ventes_aux_encheres.png",1923,461,false]},"uagb_author_info":{"display_name":"admin9236","author_link":"https:\/\/olney-avocats.fr\/index.php\/author\/admin9236\/"},"uagb_comment_info":0,"uagb_excerpt":"Notre cabinet d\u2019avocat vous assiste dans le cadre des ventes aux ench\u00e8res de biens immobiliers \u00e0 la barre du Tribunal. Conseil juridique pr\u00e9alable : avant la vente aux ench\u00e8res, l\u2019avocat re\u00e7oit la personne qui souhaite porter les ench\u00e8res (l\u2019amateur) pour lui expliquer en quoi consiste un achat par adjudication, ce que cela implique sur le\u2026","_links":{"self":[{"href":"https:\/\/olney-avocats.fr\/index.php\/wp-json\/wp\/v2\/pages\/512","targetHints":{"allow":["GET"]}}],"collection":[{"href":"https:\/\/olney-avocats.fr\/index.php\/wp-json\/wp\/v2\/pages"}],"about":[{"href":"https:\/\/olney-avocats.fr\/index.php\/wp-json\/wp\/v2\/types\/page"}],"author":[{"embeddable":true,"href":"https:\/\/olney-avocats.fr\/index.php\/wp-json\/wp\/v2\/users\/1"}],"replies":[{"embeddable":true,"href":"https:\/\/olney-avocats.fr\/index.php\/wp-json\/wp\/v2\/comments?post=512"}],"version-history":[{"count":5,"href":"https:\/\/olney-avocats.fr\/index.php\/wp-json\/wp\/v2\/pages\/512\/revisions"}],"predecessor-version":[{"id":601,"href":"https:\/\/olney-avocats.fr\/index.php\/wp-json\/wp\/v2\/pages\/512\/revisions\/601"}],"wp:featuredmedia":[{"embeddable":true,"href":"https:\/\/olney-avocats.fr\/index.php\/wp-json\/wp\/v2\/media\/513"}],"wp:attachment":[{"href":"https:\/\/olney-avocats.fr\/index.php\/wp-json\/wp\/v2\/media?parent=512"}],"curies":[{"name":"wp","href":"https:\/\/api.w.org\/{rel}","templated":true}]}}